5 - 4). Let j = r - m. Let y(d) = d**2 - 7*d + 2. What is y(j)?
-4
Let s(b) be the first derivative of b**4/4 + 4*b**3/3 + 5*b**2/2 + 2*b + 3. Suppose 51 = -16*a - a. Give s(a).
-4
Suppose 2 + 4 = -3*p. Let x(w) = -4*w - 5. Suppose -5*r - 4 = i, 7*r - 2*r - 4*i + 9 = 0. Let j(h) = -h - 1. Let n(o) = r*x(o) + 6*j(o). What is n(p)?
3
Let x(v) = v**3 - 1943 + 3887 - 1940 + 4*v**2 + 7*v. Determine x(-4).
-24
Let q(o) = o**3 - 10*o**2 + 9*o - 15. Let k be q(9). Let m(n) = -n + 2. What is m(k)?
17
Let q(v) be the second derivative of -v**3/2 + 5*v**2 + 438*v. What is q(-8)?
34
Let v(u) = 20*u. Let o(i) = i**2 + 10*i + 17. Let y be o(-8). What is v(y)?
20
Let x(l) = 2*l**3 + 6*l**2 + 2*l + 4*l - 7*l - 3*l**2. Determine x(2).
26
Let w(o) be the first derivative of o**3/3 + 11*o**2/2 + 8*o + 640. Calculate w(-9).
-10
Let c(k) = 4*k**2 + 5*k - 3. Suppose 361*n + 8 = 359*n. Give c(n).
41
Let x(f) = -f**2 + 13*f + 30. Let t(j) = -3*j**2 + 41*j + 95. Let l(q) = 2*t(q) - 7*x(q). Give l(11).
2
Let k = 292 + -294. Let s(d) be the third derivative of -d**6/120 + d**5/60 + d**4/12 - d**3/6 + 13*d**2. Give s(k).
7
Let f(m) = 10 - 5 - m**2 - 431*m + 430*m. Determine f(6).
-37
Let p be (-6)/(-3) + (-4)/(-4). Let f(g) = -5*g**2 - g**3 + 2*g**3 - 2*g**3 + 6 - g + 2*g**p. Calculate f(5).
1
Let c(w) = 4 - 3*w**2 + 9*w + 4*w**2 - 3. Suppose -10*n = -3*l - 14*n - 41, 0 = -l + 3*n + 8. Determine c(l).
-13
Let o(f) = f**3 + f. Let n be o(1). Let h(u) = 0*u - u**3 + u + 4*u - u**n + 1 - 2*u**2. Determine h(-4).
-3
Let l(b) be the first derivative of b**3/3 + 5*b**2/2 + 3*b - 2. Let u = 5 + -14. Let x = -13 - u. Give l(x).
-1
Let g(k) = -4645 + 2323 + 0*k + k + 2327. Let r(j) be the second derivative of -j**5/20 + j**4/2 + 5*j**3/6 + 4*j**2 + 2*j. Let n be r(7). Calculate g(n).
-1
Let p(m) = -15 - 9*m**3 + 4 + 5*m + 10 - m**2 - 2 + 2. Give p(2).
-67
Let z(d) be the third derivative of d**5/60 - d**4/3 + 3*d**3/2 - 24*d**2. Let i be (14/7)/((1*2)/8). Calculate z(i).
9
Let y(v) be the third derivative of -v**5/15 + v**4/8 + 6*v**2. Let r(z) = 2*z + 2. Suppose 5*u = 4*u. Let o be r(u). What is y(o)?
-10
Suppose -30 = 2*s + 4*d, -d = -3*s - 11 - 6. Let z(l) = l**2 + 10*l + 23. Give z(s).
2
Suppose -c - p - 5 = 0, 5*c - 2*p - 5 = 5. Let w(d) be the first derivative of -d**2/2 + 4*d - 24. Calculate w(c).
4
Let n(s) = -s**3 - 8. Let u = 48 + -48. Give n(u).
-8
Let w(r) = -6 - 4*r + 0 + 7*r. Let x(p) = -5*p + 12. Let b(y) = 7*w(y) + 4*x(y). Give b(-5).
1
Suppose 8*t - 502 = -566. Let x(n) = -2 - n**2 + 7*n + 2*n**2 + 0. What is x(t)?
6
Let c(w) = w**3 + w**2 - w. Let j(z) = -4*z**3 + 3*z**2 + 9*z - 3. Let h(r) = -3*c(r) - j(r). What is h(7)?
10
Suppose -3*i = 5*b - 83 + 499, 2*i - 78 = b. Let v = b + 81. Let w(k) = 1. Let y(q) = -q - 2. Let m(c) = -13*w(c) - 6*y(c). Calculate m(v).
-7
Suppose -u = 3*u - 12. Let l(w) = 0 - w**3 + 0 + w + 4*w**u. Suppose z = h + 2, 2*h + 2 = -0*h. Give l(z).
4
Let m(q) = -q + 13. Let o be m(13). Suppose -1 + o = -x. Let i(j) = 1 + 5*j - 3*j + 7*j. Give i(x).
10
Suppose -5*l - 3*p - 18 = -7*p, -5*l = 3*p + 4. Let a(c) = 3*c**3 + c**2 - 3*c - 2. Determine a(l).
-16
Let r(i) = -9*i + 37*i**3 - 36*i**3 + 4*i**2 + 8*i + 5. Let b be -3*5/5 + (-3 - -2). Calculate r(b).
9
Let l be (12/8)/(2/8). Let u(g) be the second derivative of g**3/6 - 5*g**2 + 8*g. What is u(l)?
-4
Let l(w) = 46*w - 366. Let t be l(8). Let h be (-1)/4 - 9/(-4). Let u(g) = -3 + g**h + 1 + g**2. Calculate u(t).
6
Let t(g) be the first derivative of -1/2*g**2 - 16 + 7*g. What is t(4)?
3
Let u = -13 + 19. Let h(b) = 5*b**2 + 6*b + b - 1 - u*b - b**3. What is h(5)?
4
Let a(i) = 11*i + 1. Let w be (0 - -4)/(8/2). What is a(w)?
12
Let y(x) = 4*x**3 - 10*x**2 + 9. Let h(c) = 3*c**3 - 9*c**2 + 9. Let t(u) = 5*h(u) - 4*y(u). Calculate t(-4).
-7
Let d(z) = 8*z + 14. Let h(v) = 7*v + 12. Let p(y) = 6*d(y) - 7*h(y). Let n = 10 - 15. Calculate p(n).
5
Let g(c) = 5*c**3 + 25*c**2 - c - 10. Let r(b) = b**3 + 6*b**2 - 2. Let i(d) = 2*g(d) - 9*r(d). Determine i(4).
-10
Let h(d) = -13*d - 8. Let q(g) = 15*g + 7. Let o(x) = -7*h(x) - 6*q(x). What is o(-9)?
5
Let c(g) be the first derivative of -8 - 7*g - 1/4*g**4 - 2*g**3 - 7/2*g**2. Calculate c(-5).
3
Let z(i) = -2 + 6*i + 3 - 15*i - 9 + 12*i. Suppose 3 = c - 3. Give z(c).
10
Suppose -3*c + 4*c = -u + 6, -4*c = 0. Let b(h) = -u - 17*h + 9*h + 7*h - 9. Give b(0).
-15
Let k(q) be the second derivative of 3*q + 4/3*q**3 + 0 + 1/2*q**2. Calculate k(-1).
-7
Let z(x) = -4*x**2 + 6*x - 9. Let u(a) = 5*a**2 - 6*a + 9. Let n(w) = 5*u(w) + 6*z(w). Give n(-7).
-2
Let n(y) = -5*y. Let a(l) = 3*l - 1. Let j(u) = -4*a(u) - 3*n(u). Give j(3).
13
Let k(j) be the third derivative of -j**4/3 - j**3/6 + 29*j**2 + 2. Calculate k(-1).
7
Let l = -60 + 69. Let p(z) = -3 + 20*z - 6*z - 11*z - l*z - z**2. Give p(-2).
5
Let j(o) = o**2 + 3*o - 1. Suppose 0 = -738*f + 731*f - 21. What is j(f)?
-1
Let n(b) = b**3 - b**2 + 3. Let f(v) = -v**3 + v - 1. Let m(q) = -2*f(q) - n(q). Let a be 0 + 1/1 - 3. Give m(a).
-1
Let j(k) = 27*k**2 + 1. Suppose r + 2*a - 7 = 5*a, -3*r = -4*a - 11. Give j(r).
28
Suppose 0 = -5*x - 5*r + 5, r + 6 + 5 = 2*x. Let i = 24 - 20. Let j(q) = i - 3 + 3*q - 1 + q**3 - 5*q**2 - 2. Determine j(x).
-6
Let i(f) = f**3 - 4*f**2 - 4*f - 4. Let t(w) = -w**3 + 6*w**2 - 7*w + 6. Let u be t(4). Suppose -25 = -u*q + 15. Calculate i(q).
-20
Suppose 58 - 16 = 6*m. Let k(r) = 644*r + 1 - m - 641*r + 3 + r**2 - r**3. Determine k(2).
-1
Let j(f) = -5*f**2 - 4*f + 10. Let y(g) = -22*g**2 - 16*g + 41. Let b(x) = 9*j(x) - 2*y(x). Let o(a) = -3*a**2 - 5*a - 4. Let c be o(-2). Calculate b(c).
-4
Suppose -18 = 4*z + 2*l, -l - 3 + 15 = -z. Let v(r) = 7*r + 49. Calculate v(z).
0
Let u(k) = 13*k**3 + 37*k**2 + 13*k + 33. Let q(t) = 7*t**3 + 19*t**2 + 7*t + 17. Let f(m) = 11*q(m) - 6*u(m). Calculate f(-13).
2
Let a(w) = -17280*w + 8*w**2 + 17273*w - 4 - w**3 + 0*w**3. Calculate a(7).
-4
Suppose -32 = 14*i - 32. Let y(g) be the second derivative of i + 1/6*g**3 - 1/20*g**5 + 0*g**4 + 9/2*g**2 - 3*g. Give y(0).
9
Suppose -67 + 57 = -m. Let y = m - 7. Let a(q) = q**3 - 5*q**2 + 4*q + 1. Give a(y).
-5
Suppose 0 = -4*f + 3*m - 2 - 2, 2*m - 12 = -2*f. Let v(k) = f*k + 0*k - 2*k - 1 + k. Suppose -o = -3*x - 0*o, -4*x + 3*o = -5. What is v(x)?
-2
Let a(x) = x. Let i(c) = 4*c + 5. Let n(z) = -3*z + 11. Let b be n(7). Let h be ((-2)/4)/(b/60). Let o(u) = h*a(u) - i(u). Calculate o(-4).
-1
Suppose 6 - 16 = -2*b. Let r(p) be the first derivative of -5*p - 1/2*p**2 - 5. What is r(b)?
-10
Let x(o) = 5*o + 5. Let f(n) = 7*n + 5. Let a(p) = -4*f(p) + 5*x(p). What is a(6)?
-13
Let r = 229 + -226. Let v(n) be the second derivative of -1/12*n**4 - n**2 + 5*n + 0 + 0*n**r. Give v(2).
-6
Suppose -2*a + 3*s + 1 - 3 = 0, -4*a = s - 24. Suppose 0 = -4*v - 11 - a. Let n(c) = 3*c + 2. Determine n(v).
-10
Let m(c) be the second derivative of c**7/2520 + 7*c**6/720 + c**5/20 - c**4/4 - 31*c. Let r(j) be the third derivative of m(j). Give r(-7).
6
Let s be (-6)/(-1) - (-3 + 4). Suppose s = -4*z - 3. Let x(o) = -6*o**2 - 2*o**3 + 4*o**2 - 6 - 2*o + 3 + 1. Give x(z).
10
Let d(f) be the second derivative of f**3/3 + 11*f**2/2 + 129*f. What is d(-14)?
-17
Suppose 5*o + 24 - 4 = 0. Let p(z) be the first derivative of z + 7 + 1/2*z**2. What is p(o)?
-3
Let h = 85 + -57. Suppose 5*s = -l - 5, h = l + 3*l - 4*s. Suppose 4*m + 1 = l*m. Let y(i) = -6*i**2 + 2*i - 1. What is y(m)?
-5
Let g(l) = -10*l - 7 + 7 - 6 + l**2 + 5. Determine g(5).
-26
Let j(q) = q**2 - 8*q + 9. Let k be 5 + -4 + 4 - 0. Let t = 1 + k. Give j(t).
-3
Let f be 2 + -6 + 1 + -1. Let c(s) = -3*s + 3. What is c(f)?
15
Suppose 0 = -0*u + 4*u + 12. Let t be 1*(1 - (-1 - 3)). Let n(l) = -11*l + 1 + 8*l - t. Determine n(u).
5
Let p be (180/15)/((-6)/(-4)). Let a(q) = 174 - 181 - 3*q**3 - 9*q - p*q**2 + 2*q**3. Determine a(-7).
7
Let g(h) = 23*h**2 + h. Let r = 334 + -333. What is g(r)?
24
Let l be (-8)/(-7) + 81/21. Let o(i) = i**3 - 5*i**2 - i + 5. Determine o(l).
0
Let r = 2816 - 2815. Let k(u) = -13*u**2 - 5. Let d(g) = -13*g**2 - 6. Let n(c) = -6*d(c) + 7*k(c). Determine n(r).
-12
Let v(m) = -3*m - 15. Let l be v(-6). Let k(r) = -102*r**2 + 48*r**2 + 50*r**2 + l*r. Calculate k(2).
-10
Suppose -4*h + r + 8 = -37, 5*h + 3*r = 52. Suppose h*a = 3*a - 16. L